 15 = -t*q + 5*u, 5*q + 9 = -3*u. Suppose 162 = 4*o - p, q*p = -p + 2. List the prime factors of o.
41
Suppose 0 = -2*f + 6*f - 8, 2*p - 3*f - 14 = 0. Let g = 12 - p. Suppose -2*o + 3*k + 33 = 0, 0 = g*o - 0*k - 4*k - 38. What are the prime factors of o?
3
Let j(l) = 61*l**2. Let z be j(-1). Let k = 19 + z. Suppose -2*u = 3*u - k. What are the prime factors of u?
2
Let u(w) = 23*w + 774. What are the prime factors of u(37)?
5, 13
Suppose -7*b + 10*b = 3. What are the prime factors of (b + -51 - -2)*5/(-3)?
2, 5
Let f = 49 + -9. Suppose -f = 5*n - 4*x + 9*x, 1 = -x. What are the prime factors of n/(-2) - (-7)/(-14)?
3
Let r(l) = 5*l**2 + 4*l + 37. What are the prime factors of r(5)?
2, 7, 13
Let l = 625 - 225. What are the prime factors of l?
2, 5
Suppose 0 = 743*z - 744*z + 3503. List the prime factors of z.
31, 113
Let l(i) = 3*i**2 + 25*i - 10. List the prime factors of l(-16).
2, 179
Suppose -4*s - 533 = 4*i - 1453, 0 = 2*i - 5*s - 453. What are the prime factors of i?
229
Let n(y) = -y**2 - 9*y - 2. Suppose 4*w = -4*l - 52, -6 = -0*w + 3*w. Let j = l + 5. List the prime factors of n(j).
2
Let d(i) = -3*i**2 + 32*i - 27. Suppose 22 = 4*x + 30. Let s(m) = m**2 - 11*m + 9. Let n(c) = x*d(c) - 7*s(c). List the prime factors of n(12).
3
Let w = -3 - -7. Let d be (-3)/2*12/(-6). Suppose d*g + 2*j - 52 = -6, -w*g - 3*j + 63 = 0. List the prime factors of g.
2, 3
Suppose -5*i + 223 = 838. Let a = 63 - i. What are the prime factors of a?
2, 3, 31
List the prime factors of 7 - 12 - 1 - -2852.
2, 1423
Let s be 10 + -3 + 3*-1. Let b(z) = s + 0 - 4 - 6*z. What are the prime factors of b(-1)?
2, 3
Let v(g) be the second derivative of 0*g**3 - 4*g - 1/12*g**4 + 18*g**2 + 0 - 1/20*g**5. List the prime factors of v(0).
2, 3
Suppose 6 = 2*c - 2*l, 0*c - 4*c - l = -7. Let w be (-1 - c/(-1)) + 0. What are the prime factors of 29/w - (3 + -1)?
3
List the prime factors of 16/(-24)*94428/(-24).
43, 61
Suppose -p = -z + 1023, 4*z = 3*z + 4*p + 1032. What are the prime factors of z?
2, 3, 5, 17
Let m = 6 - 3. Let j be (-2 - -1) + 6 + 0. Suppose -z = -j*b + m*z + 64, -5*z = -3*b + 41. What are the prime factors of b?
2, 3
What are the prime factors of (15/24*2)/(2/488)?
5, 61
Suppose 5*v = -p - 0*v + 207, -v - 189 = -p. Suppose 2*h = -z + 67, 5*z - h = 187 + p. Let c = z - 31. List the prime factors of c.
2, 11
Suppose -15*w = -12*w - 1197. List the prime factors of w.
3, 7, 19
Suppose -3*g + r + 20 = -0, -2*g - 2*r = 0. Suppose -5*d + g*u = 4*u - 320, 3*d - 2*u - 199 = 0. List the prime factors of d.
3, 7
Suppose 5*w + 4*x - 8127 = 0, 3*w + 4*x - 3461 = 1420. List the prime factors of w.
3, 541
What are the prime factors of ((-17)/3)/(1/(-5 + -106))?
17, 37
Let m(b) = 2*b**2 - 3*b - 9. Let k = -9 + 5. List the prime factors of m(k).
5, 7
Let c(x) = 3*x**2 + 5*x + 21. List the prime factors of c(11).
439
What are the prime factors of (-6 + 11)*22/1?
2, 5, 11
Let h(n) = 2*n**3 + 30*n**2 - 6*n - 13. List the prime factors of h(-14).
463
Suppose 9*v = 11*v - 1926. What are the prime factors of v/6 - ((-45)/10 + 4)?
7, 23
Suppose 7*k - 6 - 8 = 0. Suppose 459 = 3*b - k*z - z, 4*b - 607 = 3*z. What are the prime factors of b?
2, 37
Suppose -u + 6 = 5, -2*w + 4*u = -7642. List the prime factors of w.
3823
Let g be (-2)/(-4) - 35/14. Let k be g - 11/(44/(-192)). Suppose -3*v = -v - k. What are the prime factors of v?
23
Suppose 3*t + 5*g = 211, 4*g = -t - t + 142. Suppose 11*k - 3*z - 317 = 6*k, 0 = k + 3*z - t. List the prime factors of k.
2
Suppose u - 22 + 10 = 0. Let v(a) = -a**3 + 14*a**2 - 18*a + 14. List the prime factors of v(u).
2, 43
Let h be (9/(-4) + 4)*36. Suppose o + h = 3*n, -3*n + 63 = -0*n + 5*o. List the prime factors of n.
3, 7
Let q = 397 + 27. What are the prime factors of q?
2, 53
Suppose 20*w - 23*w - 51 = 0. Let l(b) = b**3 + 18*b**2 + 16*b - 17. Let x be l(w). Suppose x = -2*u - 0*u + 44. What are the prime factors of u?
2, 11
Let f(v) = -24*v + 13. Let x(u) = 95*u - 50. Let c(z) = 9*f(z) + 2*x(z). List the prime factors of c(-8).
3, 5
Let k be 120/(-9)*12/(-8). Suppose s - 5*s = -k. Suppose 0*d - d + 3 = 0, -2*l + s*d = 1. List the prime factors of l.
7
Let j(d) = -d**3 + 13*d**2 - d + 17. Let f be 1 + 12 + (-5 - -4). What are the prime factors of j(f)?
149
Suppose -2*m + 4*s = -940, -7*m + 3*m - s + 1853 = 0. List the prime factors of m.
2, 29
Let v = 18 - 11. Suppose 0 = v*a - 3*a + 36. List the prime factors of (-339)/a - (-4)/(-6).
37
Suppose -5*k = 15 - 135. What are the prime factors of 6/4*-2 + k?
3, 7
Let a be (11/5 - 1)*(-145)/(-58). What are the prime factors of 3 - (5 - a) - -227?
2, 3, 19
Let c(h) = 4*h - 24. Let w be c(0). List the prime factors of (0 - -99)*(-16)/w.
2, 3, 11
Suppose -109*n + 297 = -100*n. List the prime factors of n.
3, 11
Let l = 13 - 19. Let f be (-9 - 1) + l + 6. What are the prime factors of (-4)/f + 248/5?
2, 5
Suppose 4*q - 26 - 94 = 0. Let f = -28 + q. What are the prime factors of (0 + -1)/(f/(-66))?
3, 11
Let i be 5*(-2 - (-12)/10) + 3. List the prime factors of (-86)/(-1) + i + 0.
5, 17
Let o(t) = 774*t**3 + t**2 + 3*t - 3. What are the prime factors of o(1)?
5, 31
Suppose 7*m - 2*m - 175 = 0. Let x = m + -9. What are the prime factors of x?
2, 13
Let v(x) = -x**3 - 4*x**2 + x - 4. Suppose 2*p + 16 = -2*t, -2*p + 4*t = 2*p. Let z = p + -1. List the prime factors of v(z).
2
Let g = -220 - -359. List the prime factors of g.
139
Suppose 0 = 11*f + 21*f - 23968. List the prime factors of f.
7, 107
Suppose 3*i - 2*i + 5*x - 430 = 0, -2*i + 4*x = -930. List the prime factors of i.
5, 7, 13
Suppose -350281 = -60*c - 46261. What are the prime factors of c?
3, 563
Suppose -4*y + 0*y + 20 = 0, -4*s + 4*y = -448. Suppose 3*b + 3*n - s = 0, -2*b = -2*n - 3*n - 113. What are the prime factors of b?
2, 11
Suppose 0 = s + 3, -i - 3*s - 6 = -3. What are the prime factors of i?
2, 3
What are the prime factors of (0 + 39920/(-50))/((-4)/10)?
2, 499
Suppose -14 = -0*d - 2*d. Let b(c) = 2*c + 1. Let s be b(d). Let l = 22 - s. List the prime factors of l.
7
Suppose 0 = 4*t - 16 + 4. Let x be t/(3/6*3). List the prime factors of 27/(-9) + 14/x.
2
Let o(n) = 5 - 3*n + 0*n**2 - 7*n + 0*n - n**2. Let u be o(-12). Let a = u + 41. What are the prime factors of a?
2, 11
Let g(v) = v**2 + 7*v + 5. Let w(u) = -2*u + 5. Suppose -4*s + 21 + 3 = 0. Let b be w(s). What are the prime factors of g(b)?
5
Let r(n) = 348*n + 148. What are the prime factors of r(5)?
2, 59
Let x(b) = 49*b**2 + 7. Let r be x(-3). Suppose -w + 114 = k, 2*k - r = -4*w - 0*k. What are the prime factors of w?
2, 5, 11
List the prime factors of 1230 + (6/(-8))/((-6)/32).
2, 617
Let b = -3 + 9. Let d = b - 2. Suppose -2*t - 18 = -4*v + 62, 3*v = d*t + 65. List the prime factors of v.
19
Let k = -25 + 71. What are the prime factors of (k/4)/(243/60 - 4)?
2, 5, 23
What are the prime factors of ((-69)/(-6) - 13) + (-5858)/(-4)?
7, 11, 19
Suppose 5 = -z + 3. Let k be 3 - (4 + z)*-1. Let d = 13 - k. What are the prime factors of d?
2
Let z(p) = -3*p + p**2 - 19 + 2*p + 0*p**2 + 14. Let o be z(4). Suppose 4 = -k, -3*k + o*k = -3*y + 203. What are the prime factors of y?
73
Suppose 4*z = -3*w + 2*z + 140, 0 = 4*w - 4*z - 180. Let t = 24 + w. What are the prime factors of t?
2, 5, 7
Suppose -78 = -2*v - 4. Let n = 82 - -2. Let j = n - v. List the prime factors of j.
47
Let g be (-1 + 6/8)/(27/(-324)). Suppose 0 = -0*o - g*o + 267. List the prime factors of o.
89
Let j(q) = 22*q + 10. Let z(p) = 23*p + 9. Let r(n) = -5*j(n) + 4*z(n). List the prime factors of r(-10).
2, 83
Let y(q) be the third derivative of 49*q**4/24 - 2*q**3 - 35*q**2. List the prime factors of y(5).
233
Suppose -332 = 4*n + i - 1777, 4*n = 5*i + 1415. What are the prime factors of n?
2, 3, 5
Suppose 6*q - 7210 = -1030. What are the prime factors of q?
2, 5, 103
Let q = 1945 + -1151. List the prime factors of q.
2, 397
Let q(p) be the second derivative of p**4/6 + 5*p**3 - 11*p**2/2 - 8*p. What are the prime factors of q(-16)?
3, 7
Let y be ((-1)/1)/(-5 - -4). Let j(t) = 25*t + 4. Let k(b) = -24*b - 5. Let z(g) = 4*j(g) + 3*k(g). List the prime factors of z(y).
29
Let a(d) = -d**3 - 7*d**2 - 2*d - 3. Let k be a(-5). List the prime factors of 3 + (3 - (0 + k)) - -3.
2, 13
Let m(k) be the second derivative 